e the highest common factor of v and m.
7
Suppose x + 1 = -1, -2 = -4*o - 3*x. Let i be 87*-1*(-9)/(-27). Let t = -15 - i. What is the highest common factor of o and t?
2
Suppose g - 22 = -5*d, 0*g = 2*g - d - 22. Let a be 631/17 + (-62)/527 + -7. What is the highest common factor of a and g?
6
Suppose 34 = -4*f - 4*u + 230, -56 = -f - 8*u. Suppose 0 = 4*z + l - 37, 2*z - 4 = l + 7. Let j = -2 + z. Calculate the greatest common divisor of j and f.
6
Let f = -20 - -20. Suppose c - 328 + 138 = -3*t, f = 2*t - 10. What is the highest common divisor of 25 and c?
25
Let c be 7/3 + (-208)/(-78). What is the highest common factor of 145 and c?
5
Let b = 5 - -2. Let a(m) = 33*m + 2. Let z be a(1). Suppose 23*i - 18*i = z. What is the highest common divisor of b and i?
7
Suppose -7*d = -3*d - 4. Suppose 15*g - 5 = 14*g, 5*r = 3*g + 20. What is the highest common factor of d and r?
1
Let l = -163 - -622. Calculate the greatest common divisor of 17 and l.
17
Let l be 54/(12/4) - 2. Let q(k) = 15*k + 7 + 6 - l*k. Let z be q(6). Calculate the greatest common divisor of 56 and z.
7
Suppose 5*b + 78 = 3*x, -4*x + 99 = -6*b + b. Calculate the greatest common factor of 1113 and x.
21
Let y = 473 + -203. What is the highest common divisor of y and 30?
30
Suppose -3*z + 321 = 189. Calculate the greatest common factor of z and 22.
22
Suppose 8*c + w = 6*c + 10, 32 = 4*c - 4*w. What is the highest common factor of 10 and c?
2
Suppose 3*u + 104 = 2*v - 556, -2*v - 5*u = -660. Suppose 2*h + 5*d = -0*h + 206, 3*h = 3*d + v. What is the greatest common divisor of 12 and h?
12
Suppose 0 = 3*w + n + 15, w - 5*w = -2*n + 10. Let u be 14 - (-2 + (-4)/w). Calculate the greatest common factor of 60 and u.
15
Let x = 43 - 40. Let q be 149 + (-12)/(x - -1) - 1. Calculate the highest common factor of 58 and q.
29
Suppose -240 = -125*p + 119*p. Calculate the greatest common factor of p and 210.
10
Let o = 1295 + -815. Calculate the highest common divisor of o and 30.
30
Let v be (-11 - 405/30)/((-2)/20). Calculate the highest common factor of v and 147.
49
Let g = -2 - -40. What is the greatest common divisor of g and 1634?
38
Suppose 14*d - 349 = 1891. What is the highest common divisor of 48 and d?
16
Let s = -42 - -78. What is the greatest common divisor of s and 522?
18
Let w(m) = 5*m**2. Let r be w(-4). Let b be ((-6)/(-5))/(24/r). Suppose -2*s = i - 0*s - 13, 4*s = b*i - 16. Calculate the highest common divisor of 77 and i.
7
Let v = -232 - -432. What is the highest common divisor of v and 40?
40
Let x = -850 + 1466. What is the greatest common divisor of 4 and x?
4
Suppose 258 = 2*l - 3*t, -t = -l + 4*l - 376. Calculate the highest common divisor of 14 and l.
14
Suppose 0 = -5*p - 5*s + 202 + 58, -4*s - 149 = -3*p. Suppose -2*v + 31 = -p. What is the highest common factor of v and 369?
41
Suppose -3*v - 12 = -3*s, -2*v = 2*s + 2*v - 2. Suppose -5*c + 8 = s. Let k = 29 - c. What is the highest common factor of k and 4?
4
Suppose -22*g + 4 = -18*g. Calculate the greatest common divisor of 58 and g.
1
Let v(w) = -w**3 - 16*w**2 - 14*w - 44. Let h be v(-16). What is the greatest common divisor of h and 108?
36
Let l be 1/(4 - 3) + -18. Let k = l + 14. Let u be 9*(-1)/k - -6. What is the greatest common factor of 27 and u?
9
Let k(h) = h**2 - 4*h + 8. Let d be k(4). Suppose -l - d = -5*l. Suppose -l*r + 2 = 0, -5*u = -3*u + 5*r - 23. What is the greatest common divisor of 18 and u?
9
Suppose -9 = -6*q + 81. What is the greatest common divisor of q and 105?
15
Let r(x) = x**3 + 23*x**2 + 24*x + 69. Let m be r(-22). Let d be (-1759)/7 - 2/(-7). Let o = 426 + d. What is the greatest common divisor of o and m?
25
Let c = -9 - -17. Suppose -181*d + 102 + 154 = -53*d. Calculate the highest common factor of c and d.
2
Let u(x) = -32*x**2 - 2*x. Let j be u(-2). Let f = j - -238. What is the highest common divisor of 19 and f?
19
Let l = -4697 - -4841. Suppose 3*c = 5*w - 270, 0*w = -w - 3*c + 72. Let a = w + -39. What is the greatest common factor of l and a?
18
Let u(i) be the third derivative of -i**5/30 - 5*i**4/8 - i**3 - 18*i**2. Let g be u(-6). What is the highest common divisor of 48 and g?
12
Let s(x) = -x**2 - 46*x - 227. Let l be s(-9). Calculate the highest common factor of l and 371.
53
Let l = 14 - 7. Let q(y) = -4 - 9 - 9*y + 33 - l - y**2. Let k be q(-10). What is the greatest common factor of k and 3?
3
Let s be 328 + 54/(-6) + 1. Calculate the highest common divisor of s and 400.
80
Let v(f) = 20*f - 3. Suppose -2*r + 20 = 3*r. Let y be v(r). Let i(u) = 2*u - 9. Let g be i(8). What is the greatest common factor of g and y?
7
Suppose -4*g - 52 = -2*h, 17*h = 15*h - g + 47. What is the highest common factor of 312 and h?
24
Let y be -3*(-2 + 5 - 2). Let g = y + 5. Suppose -5*o - 5 = 0, 23*o - 28*o - 20 = -3*u. Calculate the greatest common factor of g and u.
1
Let a be 0/((-2)/(-5 - -3)). Suppose -5*j + 58 + 127 = a. Let q = j - 26. Calculate the highest common factor of 88 and q.
11
Let d(p) = p**2 - 4*p - 6. Let b be d(6). Suppose -2*y - 2 - b = 0, 8 = -l - 3*y. Let t = -20 + 32. Calculate the highest common factor of t and l.
4
Let w = -41 - -74. What is the highest common divisor of 22 and w?
11
Let z(v) = -v**3 + 4*v**2 - v - 1. Let d be z(3). Suppose -d*f + 351 = 4*g + 43, 0 = 2*f. What is the highest common divisor of 7 and g?
7
Let h = 1339 + -1329. Suppose 4*r - 52 - 52 = -4*o, 0 = 2*r - 2*o - 68. Calculate the greatest common factor of h and r.
10
Let f be 88/(-22)*1461/(-12) + -4. What is the greatest common factor of 46 and f?
23
Let a(t) = 3*t - 5*t + 4*t - t + 8. Let w be a(19). Calculate the greatest common factor of 18 and w.
9
Let w be -1 - (-14)/6*3. Let s be 18/w - (2 + -31). Calculate the highest common divisor of 2 and s.
2
Suppose -y = 3*k + 2*y - 3, -5 = y. Let r(p) = p**2 + 6*p - 11. Let l be r(-8). Suppose 0 = -0*h + l*h - 270. What is the greatest common factor of h and k?
6
Suppose -4*w - 4*x + 43 = x, 5*x = -w + 22. Let i = 7 - 3. Suppose -6*c + c - 125 = -4*z, 12 = i*c. What is the greatest common divisor of z and w?
7
Suppose -p - 25 = -6*p, p = -y - 5. Let l be (-686)/y - (3 + 68/(-20)). What is the greatest common factor of l and 23?
23
Let z(d) = 1673*d**2 + 2*d - 2. Let t be z(1). What is the greatest common factor of 7 and t?
7
Suppose -3*q - 29 = 34. Let f = q - -36. Suppose -11 = -c + f. What is the highest common divisor of 39 and c?
13
Let z be ((-2608)/12)/(-4)*(-9)/(-3). Suppose -5*g - 9 = 4*x - z, 3*x = -2*g + 63. Suppose -2*d + 60 = d. What is the highest common divisor of g and d?
10
Suppose -2*a + 4*a - 2 = 4*b, 0 = -3*b. Let z be 754 - (-3 + 6 - a). Let q be (-2)/(-5) - z/(-20). What is the highest common factor of 19 and q?
19
Let v be (-3 + (-44)/(-8))*22. Suppose u + f - 9 - 11 = 0, 30 = u - 4*f. What is the highest common factor of u and v?
11
Let r be 1/(2/10 + 0). Let n be ((-3)/12*-2)/(r/10). What is the greatest common factor of 1 and n?
1
Let j be 2 + 5/((-5)/2). Let u = j - -2. Let h be (25 + 3 + u)/2. What is the greatest common divisor of h and 165?
15
Let o = -109 - -217. What is the greatest common divisor of 12 and o?
12
Suppose f + 26 = 2*f. Let p(l) = 7*l**3 - l**2 - l + 1. Let v be p(1). Let z be 4/v*(-546)/(-28). Calculate the greatest common factor of f and z.
13
Suppose 13*b = 17*b. Suppose b*i + 8 = i. Calculate the greatest common divisor of i and 32.
8
Let x = 351 + -342. What is the greatest common divisor of 225 and x?
9
Let a = 940 - 810. Calculate the highest common divisor of 104 and a.
26
Suppose 143 + 17 = 8*m. Calculate the greatest common factor of 320 and m.
20
Let l be 14 - (-2921 - 10) - (0 - -1). Calculate the greatest common factor of 23 and l.
23
Let j = 116 - 104. Let t(x) = 3*x**2 + 4*x. Let i be t(-6). What is the greatest common divisor of j and i?
12
Let u(t) = t**3 + 5*t**2 - 7*t - 4. Let w be u(-6). Suppose -4*j - w*m + 66 = 0, 0*m + 57 = 4*j + 5*m. What is the greatest common divisor of 144 and j?
18
Let o(w) be the first derivative of w**3/3 - 16*w - 5. Let b be o(10). What is the greatest common divisor of 21 and b?
21
Let v(m) = 18*m**2 + 2*m - 24. Let k be v(3). What is the greatest common factor of k and 48?
48
Let n = 352 + -350. What is the highest common divisor of